8 is divided by g(-5).
2
Calculate the remainder when 378/4*(-6)/(-9) is divided by 16.
15
Suppose 0 = 3*j - 11 - 1. Suppose a = -5*s + 18 + 18, -96 = -j*a - 4*s. What is the remainder when (-33)/(-55) + (-302)/(-5) is divided by a?
19
Suppose 4*p = 5*y + 326, 3*y - 7*y + 344 = 4*p. Calculate the remainder when p is divided by 24.
12
Suppose 0 = -3*q - 2*q + 10. Suppose 5*l - 16 = -3*z, -4*z - l = -q*z - 20. Calculate the remainder when 23 is divided by z.
11
Let j = -13 - -21. Let m(u) = u**3 - 2*u**2 + 2*u - 1. What is the remainder when j is divided by m(2)?
2
Suppose -4*c + 90 = g + 17, -10 = -2*c. What is the remainder when g is divided by 9?
8
Suppose 0*o + 3*o = 21. Suppose o = 2*t - 3. Suppose 5*i - 2*u - 51 = 0, -t*i + 3*u = -u - 47. What is the remainder when 32 is divided by i?
10
Let r = -3 - -5. Suppose -r*y + 22 + 18 = 0. Let c = -10 - -17. What is the remainder when y is divided by c?
6
Let y = 24 - 42. What is the remainder when 29 is divided by 1 - 1/(2/y)?
9
Let u(n) = -2*n - 15. What is the remainder when u(-13) is divided by 7?
4
Let z(r) = 3*r**2 + 3*r + 4. Let p be z(-4). Let u = -26 + p. Calculate the remainder when 54 is divided by u.
12
Let o = 5 + 2. Let n = o + -6. Calculate the remainder when 16 is divided by (-57)/(-9) + n/(-3).
4
Let w(q) = q**3 + 4*q**2 - 7*q - 5. Let f be w(-5). Suppose 11 = n - 0*n - k, 0 = k + f. What is the remainder when 21 is divided by n?
3
Let x = -4 + 5. Suppose n + 0*n = k - 16, n + x = 0. What is the remainder when 43 is divided by k?
13
Suppose -2*a = 3*a + 10. Let x(r) = 29*r. Let t(s) = 88*s + 1. Let j(c) = -3*t(c) + 8*x(c). What is the remainder when j(a) is divided by 16?
13
Let x(z) = 2*z - 9. Let y be x(6). Suppose 2*g + 4 = g + q, -y*q = -5*g - 12. What is the remainder when (-3 - -2)*g + 26 is divided by 14?
12
Let t = 21 - 12. Let p(u) = -4*u + 6. Let q be p(2). What is the remainder when 742/18 + q/t is divided by 14?
13
Suppose 0*p - 14 = -2*p. Let r(l) = -l**3 + 6*l**2 + 9*l - 7. What is the remainder when 18 is divided by r(p)?
4
Let n(s) = 100*s**3 - 3*s**2 + s - 1. What is the remainder when n(1) is divided by 34?
29
What is the remainder when 34 is divided by 14 - (2 - (1 + 1))/2?
6
Suppose 3*o = j + 102, -2*o + j + 68 = 6*j. Let l = -144 + 162. Calculate the remainder when o is divided by l.
16
Let g(z) be the third derivative of z**6/120 + z**5/10 + z**4/6 + 2*z**3/3 - z**2. Calculate the remainder when 26 is divided by g(-5).
8
Suppose -4*u + 82 = -166. Calculate the remainder when u is divided by 13.
10
Suppose 0 = -5*r + k + 3, 2*r + 0*r + 3*k = 8. Let t(n) = 3*n**2 + 2*n - 4. Calculate the remainder when t(-3) is divided by r/((-1)/(-2*3)).
5
Suppose 0*f + 27 = -3*f. Let z(g) = -g + 5. Calculate the remainder when 40 is divided by z(f).
12
Let q = -7 + 10. Suppose 0 = 3*g - 15, -39 = 3*c - q*g - 0*g. Let d = -5 - c. Calculate the remainder when 4 is divided by d.
1
Let g(z) = 41*z**2 - 2*z + 1. Let c = 66 + -52. Calculate the remainder when g(1) is divided by c.
12
Suppose 71 - 3 = 4*y. Suppose j = -6 + y. What is the remainder when 31 is divided by j?
9
Let a be 2 + 28 + 0 + -2. What is the remainder when 14 is divided by ((-35)/a)/(2/(-8))?
4
Let u be 8*3/18*3. Let f = u + 13. Calculate the remainder when 32 is divided by f.
15
Let q = 10 - 4. Calculate the remainder when 11 is divided by q.
5
Suppose 0*c - 2*c - 4*z + 94 = 0, 5*c + 4*z - 205 = 0. What is the remainder when c is divided by 13?
11
Let m(v) = v + 12. Let q = 6 + -10. What is the remainder when 14 is divided by m(q)?
6
Let p(z) = -z**2 + 16*z - 9. Calculate the remainder when p(14) is divided by 14.
5
Suppose 0 = -q - 10 + 31. Calculate the remainder when q is divided by 6.
3
Let h = 12 + 8. Calculate the remainder when h is divided by 6.
2
Suppose -3*a = 5*r - 246, 4*r + 4*a + 0*a - 200 = 0. Calculate the remainder when r is divided by 9.
3
Let t(n) = 2*n - 6. Let l be t(5). Suppose 0 = -4*d + l, -174 = 3*p - 8*p - 4*d. Calculate the remainder when p is divided by 18.
16
Suppose -2*p = 5*t - 68, 5*p = -6*t + 7*t + 143. Calculate the remainder when 54 is divided by p.
25
Suppose 0*x = 2*x. Suppose b = -4*j + 14, 0 = -4*b - x*b - 3*j + 17. Suppose -h + 7 + 1 = 2*q, 0 = b*h + q - 28. What is the remainder when 46 is divided by h?
14
Suppose -18 = -2*j + 2. Suppose -3*i - 32 = -4*q - 147, -4*i + 152 = -4*q. What is the remainder when i is divided by j?
7
Let g = -24 + 34. Calculate the remainder when 37 is divided by (-335)/(-25) - (-6)/g.
9
Suppose -3*v + 34 = -4*s, 2*s = 4*v + 3*s - 58. Calculate the remainder when (-5 - 15)*10/(-8) is divided by v.
11
Let v be 6 + -9 + 57 + 0. Let q(g) = 9*g - 1. Let h be q(-2). Let i = v + h. Calculate the remainder when i is divided by 9.
8
Let t(b) = 9*b**3 - b + 1. Let j = -4 + 7. Let z = 4 - j. What is the remainder when 16 is divided by t(z)?
7
Let f(i) = i + 8. Let n be f(-7). Let d(h) = 9*h**2 - 2*h + 1. Calculate the remainder when ((-20)/(-8))/(1/6) is divided by d(n).
7
Let i = -58 - -142. What is the remainder when i is divided by 29?
26
Suppose y + 4 = 3*y. Calculate the remainder when 74/14 - (-4)/(-14) is divided by y.
1
Suppose 4*a - 4*g - 88 = -0*g, -3*g = -15. Let w = 9 - 5. Suppose 30 = 2*k - c, 0*k + 4*c + 64 = w*k. What is the remainder when a is divided by k?
13
Suppose -3 = -5*o + 4*f, 3*o = 5*f - 6 - 0. Suppose -2*k + o*k = 30. Calculate the remainder when k is divided by 11.
8
Let w(j) = -j**3 - 7*j**2 + 6*j + 9. Let x be 21/4 - 6/24. What is the remainder when w(-8) is divided by ((-36)/10)/((-2)/x)?
7
Let b(d) = -d**3 + 6*d**2 - 15. Calculate the remainder when 40 is divided by b(5).
0
Let c be 2 + 1/(-2)*-22. Let u = c + 4. Calculate the remainder when u is divided by 9.
8
Suppose -u + 2 = -2. Suppose -112 = u*b - 0*b. Let t = b + 53. Calculate the remainder when t is divided by 13.
12
Let m(v) = v**3 + 8*v**2 + 5*v - 1. Calculate the remainder when 63 is divided by m(-7).
11
Suppose 2*m + 18 - 2 = 4*l, 5*l - m = 26. Let p = 11 + -7. Suppose p*w - 45 = -w. Calculate the remainder when w is divided by l.
3
Let m = 15 - 5. What is the remainder when 17 is divided by m?
7
Let x(t) = -t + 4. Calculate the remainder when x(2) is divided by (1/(-3))/(1/(-6)).
0
Suppose -3*w - 4*k = -24, 0*k - 5 = -5*w + 5*k. Calculate the remainder when 11 is divided by w.
3
Let z = -20 - -89. Let y = 115 - 79. Calculate the remainder when z is divided by y.
33
Suppose m - 20 - 5 = 0. Calculate the remainder when m is divided by 13.
12
Suppose d + 4 = -d - 4*v, 3 = -3*v. Suppose -3*m + 6*m - 24 = d. Calculate the remainder when 29 is divided by m.
5
Suppose 5*h = -4*q + 3*q - 10, -60 = -3*q + 3*h. What is the remainder when q is divided by 8?
7
Suppose u + 25 = 6*u. Calculate the remainder when u is divided by (2/8)/((-1)/(-8)).
1
Suppose -t = -3*f + 13, -3 - 11 = -4*f + 3*t. What is the remainder when 14 is divided by f?
4
Let b = 80 + -54. Suppose 5 = 2*l + 2*d - 7, -3*d = 9. Calculate the remainder when b is divided by l.
8
Let u be 11/(-2) - 8/16. Calculate the remainder when 35 is divided by u/8 - (-357)/28.
11
Let t = 86 + -28. What is the remainder when t is divided by 15?
13
Calculate the remainder when (-1)/(-2*3/114) is divided by 5.
4
Suppose -1 = d - 6. Suppose -5*k = -5*j + 4*j + 24, 5*j - 5*k - 40 = 0. Let b = 9 + j. Calculate the remainder when b is divided by d.
3
Suppose -5*u + 638 = -2*b, -2*u + 2*b - 69 = -329. Calculate the remainder when u is divided by 32.
30
Let d = 1 - -3. Suppose 2*v + 0*v = -d*a + 38, -a = v - 24. Calculate the remainder when v is divided by 10.
9
Let f = 111 - 49. What is the remainder when f is divided by 21?
20
Let k(i) = -i**3 - 6*i**2 - i - 2. Let h be k(-6). Suppose -8 = -h*f + 20. Suppose 0 = -3*x + 4 + 5. What is the remainder when f is divided by x?
1
Let c = 91 + -40. What is the remainder when c is divided by 18?
15
Suppose p = 3*p - 24. Suppose 0 = -0*n - n - 5*d + 27, 5*n - 2*d - 27 = 0. Calculate the remainder when p is divided by n.
5
Let k be (-16)/40 + (-17)/(-5). Let g be (-3 + k)/((-6)/(-2)). Suppose g = 4*h - 17 - 7. What is the remainder when 17 is divided by h?
5
Let n = -31 + 42. Let l(a) = a**3 - a**2 + a + 42. What is the remainder when l(0) is divided by n?
9
Let n be 458/10 - 1/(-5). S